 Calculate b(39).
27
Let q be 8 - (5 + (-16)/16*-5). Let w(b) be the second derivative of b**4/3 + 2*b**3/3 + b**2 - b. What is w(q)?
10
Let n = -6382/3 + 2128. Let u(q) be the second derivative of 0*q**2 - 1/20*q**5 + 1/6*q**4 + 0 + n*q**3 - 18*q. What is u(3)?
3
Suppose -54*p = 42*p + 23*p - 17*p. Let c(w) = -w - w + 11 + w. What is c(p)?
11
Let v(w) = 2*w**2 + 50*w. Let x be (-180)/7 - (-1065)/1491. Give v(x).
0
Let s(w) = -w. Let l(v) = v**2 - 2*v - 2. Let o be l(-2). Suppose 5*d = -o*d - 836. Let i = -73 - d. Determine s(i).
-3
Let x(y) be the first derivative of -y**2/2 + 2*y - 39. Suppose -2*h = -f - 16, 3*h + 8 = h - 5*f. Suppose 0*a - 2 = -a + 3*l, 3*a - 3*l = h. Determine x(a).
0
Let i(a) = a**2 + 2*a - 18. Suppose 4*l - 79 = -99. Calculate i(l).
-3
Let g(f) = f + 2. Let x(i) = 3*i + 12. Suppose 430*p + 2 = 431*p. Let j(n) = p*g(n) - x(n). Give j(-4).
-4
Let o = -11554 - -11559. Let w(y) = -y**3 + 3*y**2 + y - 8. Give w(o).
-53
Let a = -2089/6 - -1395/4. Let d(u) be the second derivative of 0 + u**3 + 10*u + 1/20*u**5 + a*u**4 + 2*u**2. What is d(-6)?
4
Let g(x) = 4*x**3 - 25*x**2 + 245*x - 61. Let h(p) = 3*p**3 - 17*p**2 + 176*p - 41. Let w(z) = 5*g(z) - 7*h(z). What is w(-4)?
-22
Let a(y) = -15*y + 144. Let w(l) = l**3 + 21*l**2 + 110*l + 9. Let g be w(-10). What is a(g)?
9
Let x(n) = 41*n + 45*n + 38*n - 129*n. Let v = 17 - 13. Suppose -2 = -5*d + 3*d, 10 = 2*m + v*d. Calculate x(m).
-15
Let s(w) = w**3 + w + 1. Let q be (-8)/(-2) + (-4 - -2). Suppose n = c - 0*n - 3, -c - q*n = 0. Suppose -15 = -c*y + 5*l, 5*l + 11 + 4 = -5*y. Determine s(y).
1
Let i(n) = n**2 - 6*n + 7. Let v be -12*2/(-9)*(-3)/(-2). Suppose -75 - 138 = 5*t - 3*z, v = -z. Let g = -40 - t. Determine i(g).
2
Let z be (-20)/3 - (-1)/(-3). Let c(x) = 9*x**2 - 57 - x**2 - 4*x - 7*x**2 + 65 - 2*x**2. Determine c(z).
-13
Let k(y) = -5*y**3 - 5*y**2 - y + 2. Let v be k(-1). Let r(i) = 23 - 9*i**2 - 3 - 11 + i**v + 6*i. Give r(8).
-7
Let j(f) = -f**3 + 4*f**2 + 13*f - 7. Let o = -392 + 420. Suppose -o*t = 3*t - 186. Calculate j(t).
-1
Let z(p) = -p**3 - 13 - p + 3 - 3 + 22 - 5 + 7*p**2. Let k be ((-1)/(-4))/(2/56). What is z(k)?
-3
Let b(g) = -5*g**2 - 5*g - 13. Let l(o) = -4*o**2 - 6*o - 10. Let x = 849 + -846. Let p(r) = x*b(r) - 4*l(r). Give p(-9).
1
Let h(l) be the second derivative of l**3/6 + 13*l**2/2 - 3*l + 3932. Let g(f) = -f**2 + 2*f. Let x be g(-2). Determine h(x).
5
Let k(r) be the third derivative of 1/120*r**6 - 1/30*r**5 - 5*r**2 + 2/3*r**3 + 7 + 0*r - 5/24*r**4. Calculate k(3).
-2
Let b(z) = 15 - 23*z + 40*z + 10*z - 26*z. What is b(19)?
34
Let u = -6 - -3. Let i be (-4)/1*(-6)/8. Let j(q) = 4*q + q**2 + i*q**3 + 9*q**2 - 2*q**3 - 5*q**2 - 1. Determine j(u).
5
Let x(f) = 22*f + 178. Let n be x(-8). Let i(k) = -n*k + 15 + 0 - 3. Calculate i(-9).
30
Suppose -37*f + 41*f - k = -16, f + 4*k + 4 = 0. Let d(m) = m**3 + 3*m**2 + 4*m + 28. Give d(f).
-4
Let w(y) = -y**2 + 8*y - 2. Let u(k) = 10*k - 3. Let z(m) = 6*u(m) - 7*w(m). Let j be 0 + (3 - (-1 - -3)). What is z(j)?
7
Let o = 387 + -385. Let f(v) = v**2 - 4 - 70*v + 130*v - o*v**2 - 61*v. What is f(3)?
-16
Let j be ((-6)/4)/(3 + (-90)/24). Let c(w) = -360*w**j + 8 + 725*w**2 + 2*w - 364*w**2. Give c(0).
8
Let j(g) be the second derivative of -g**4/12 - 19*g**3/6 - 4912*g. Give j(-19).
0
Let m(q) = q**2 + 18*q - 19. Let u(f) = f**2 + 18*f - 18. Let t(i) = -4*m(i) + 3*u(i). Let j be -1*(-11 + -18 - -48). What is t(j)?
3
Let b(p) = -101*p**2 + 56*p + 527. Let z(a) = -46*a**2 + 28*a + 261. Let d(t) = 5*b(t) - 11*z(t). Determine d(-7).
9
Suppose -6 + 2 = -2*v. Suppose 0 = -5*w - 20, -2*x = -3*w - 29 - 9. Let g(h) = 23*h**v + 4 - 3 - 9*h**2 - x*h**2. What is g(3)?
10
Suppose 25*l = -171466 + 171441. Let r(h) = 34*h**2 + 3*h + 3. Let n(p) = -11*p**2 - p - 1. Let z(t) = -8*n(t) - 3*r(t). Calculate z(l).
-14
Let z(s) = -7*s - 3. Suppose q - 27 = -v - 2*q, 0 = v - 2*q - 27. Let k = 66 + -49. Suppose v = -5*u + k. Determine z(u).
11
Let t(j) = -4*j - 6. Let f(a) = 68*a**2 - 2*a - 2. Let m be f(-2). Let c = -274 + m. Give t(c).
-6
Suppose -4*b = 3*t + 28, 4*t = -4*b - 30 - 2. Let c be 6 - (6/(-4))/(6/(-12)). Let g(n) = 2*n + c - 9 + 3 - n**3 + 0 - 3*n**2. Calculate g(b).
5
Let h(q) = -q + 2. Let i(y) = y**3 - 3*y**2 - 11*y - 8. Let k be i(5). Let d be (-2)/(1/(k/2)) - 2. Give h(d).
-9
Let b = 11 - 4. Let m(f) be the third derivative of -f**5/60 + f**4/8 + 8*f**3/3 + 11*f**2 - f + 85. Give m(b).
-12
Suppose 11*y - 18 = 5*y. Suppose -y*z = 3*o - 27, 5*z - 5*o - 3 = 6*z. Suppose -24*p - z = -18*p. Let j(i) = -i - 2. What is j(p)?
0
Let u(b) = 2*b**3 - 14*b**2 + 9*b - 6. Let p be 3/(-18) + 9 + (-322)/84. Calculate u(p).
-61
Suppose 3*k + 5*u + 649 - 633 = 0, k - u = -8. Let h(y) = -8*y - 47. What is h(k)?
9
Let m = -456 + 458. Let w(g) = 335148 - 335148 + 4*g. Give w(m).
8
Suppose -5*o + 6 = 3*g + 16, 0 = -3*g + 2*o - 17. Let t be 20 - (0 - 8)/(-4). Let n(z) = 20 + z - 40 + t. Calculate n(g).
-7
Let y(j) be the second derivative of -j**6/120 + j**5/15 - j**4/12 - 2*j**3/3 + 8*j**2 + 59*j. Let b(p) be the first derivative of y(p). What is b(3)?
-1
Suppose -3*m - 4*p = 1, -1027*p = -2*m - 1029*p - 2. Let h(d) = 6*d**2 + 25*d + 33. Give h(m).
12
Let i(o) be the first derivative of -o**4/4 + 4*o**3/3 + o**2 + 3*o + 1049. Calculate i(5).
-12
Let b(g) = 4*g + 3. Let f(v) = 3*v**2 + 14*v + 6. Let i be f(-6). Suppose -10*s + 0*s + i = 0. Calculate b(s).
15
Let i(l) be the second derivative of 7*l**5 - 20*l. Let r be i(1). Let z(t) = -2 + r*t + 137*t + t**3 - 269*t - 8*t**2. Calculate z(7).
5
Let l = 3532 - 3532. Let o(y) = -2*y**2 - 2*y - 9. What is o(l)?
-9
Let p(m) = -m + 7. Let h(q) be the second derivative of -q**2/2 + 6*q. Let o(t) = h(t) - p(t). Let b(a) = a**2 - 42. Let f be b(-6). Give o(f).
-14
Let a(o) = 20*o**3 + 28*o**2 + 28*o - 11. Let s(x) = 11*x**3 + 15*x**2 + 14*x - 5. Let c(z) = -6*a(z) + 11*s(z). Calculate c(-3).
-1
Let v(h) be the first derivative of -h**5/60 - h**4/8 + 160*h**3/3 + 134. Let w(l) be the third derivative of v(l). Determine w(-2).
1
Let v be ((-1380)/4140)/((-2)/4*(-2)/(-15)). Let w(g) = 5*g - 36. Give w(v).
-11
Let v(w) = w**2 + 340*w + 342*w + 2 - 1020*w + 344*w. What is v(-6)?
2
Let r(g) be the second derivative of -g**5/10 - 5*g**4/6 + g**3/3 - 9*g**2/2 - 2*g + 7276. What is r(-7)?
173
Let z(b) be the third derivative of -b**6/144 - b**5/24 + 47*b**4/24 + b**2 - 22*b. Let r(n) be the second derivative of z(n). Let u = -10 - -5. Determine r(u).
20
Suppose -18*v - 4*r + 4 = -13*v, 4*v + 5*r - 5 = 0. Suppose -5*g - 31 - 14 = v. Let q(m) = -m**2 - 7*m + 8. Determine q(g).
-10
Let z be 6/2*(-20)/(-15) + -7. Let u(d) = 19*d**3 - 10*d - 1. Let a(n) = -44*n**3 + n**2 + 22*n + 2. Let o(r) = -3*a(r) - 7*u(r). What is o(z)?
-11
Let g(r) = -r**2 + 10*r - 6. Let u(a) = -a**2 + 10*a - 6. Let q be 8*-1*((-125)/(-20) - 7). Let l(j) = q*u(j) - 7*g(j). What is l(8)?
-10
Let m(g) be the second derivative of -58*g**3/3 + 1397*g**2/2 - 1744*g. Determine m(12).
5
Let f(y) = y**3 - 9*y**2 - 10*y + 96. Let x(m) = m**2 - 64*m - 1883. Let t be x(-22). Determine f(t).
6
Suppose -6*t + 15 = -t. Suppose k = t*x, 4*x = 5*k - 10 - 12. Suppose 0 = -2*d + k*d. Let s(v) = -v**2 + v + 5. What is s(d)?
5
Suppose -d + 4 = 3. Let j(b) be the second derivative of -b**4/8 - b**3/6 + 77*b**2/2 + 7*b. Let h(v) be the first derivative of j(v). Calculate h(d).
-4
Let p(v) = 14 - 4*v + 3*v + 4*v**2 - v**3 - 10. Let h(d) = 70*d + 214. Let a be h(-3). Calculate p(a).
0
Let r(w) = -10 - 109*w + 108*w + 0 - 5. Calculate r(-16).
1
Let v be (-17 - -13) + (1 - 2)*-2. Let o(l) = -l**3 + l**2 + 2*l + 6. Let x be o(v). Suppose -9*b - x = 22. Let a(s) = -s**2 - 7*s - 5. Calculate a(b).
7
Let o(k) = -k**3 + k - 1. Let g(n) = 6*n**3 + 9*n**2 + 5*n + 23. Let y(i) = -g(i) - 4*o(i). Let t be y(-4). Let r(z) = 13*z + 1. Give r(t).
14
Let y(x) = 235*x + 17. Let j(k) = -83*k - 6. Let o(d) = 17*j(d) + 6*y(d). Calculate o(8).
-8
Let d(k) be the third derivative of -k**6/120 + 7*k**5/20 - k**3/6 + 7*k**2 + 5. Calculate d(21).
-1
Let b = -5 - -27. Let h = -20 + b. Suppose h*v = 1 - 5. Let m(l) = l**2 - l - 1. What is m(v)?
5
Let g(o) = o - 1. Let t be g(2). Let v(j) = 2088*j - 2103*j - 2139 + 2138. Calculate v(t).
-16
Let k = 22 + -17. Let f(a) = -2*a**3